 -13 + h. What is the tens digit of x?
2
Let f(l) = -19*l - 3. What is the units digit of f(-3)?
4
Suppose 4*v - 2*v - 40 = 0. What is the tens digit of v?
2
Let r(u) = u**3 + 10*u**2 + 2*u - 2. Let x = 5 - 8. What is the units digit of r(x)?
5
Let u = -17 - -49. What is the tens digit of u?
3
Suppose 0 = -7*v + 2152 - 486. What is the tens digit of v?
3
Let f(v) = v**2 + v + 19. Let c be f(0). Suppose c = g - d, -3*d - 4 = -d. What is the units digit of g?
7
Let f = 9 - -3. What is the tens digit of ((-12)/(-9))/1*f?
1
Suppose 0 = -5*p + 25, 0*j - 2*j + p + 3 = 0. Suppose -j*u = -2*o + 12, 4*o + 3*u + 0*u - 2 = 0. What is the units digit of o?
2
Suppose 5*h + 247 - 31 = 4*q, -5*h = -5*q + 275. Let t = q - 23. What is the units digit of t?
6
Let s(d) = 3 + d - 3*d + 3*d. Suppose -6 = -3*w + 3*z - 0, 0 = -4*w + 3*z + 12. What is the units digit of s(w)?
9
Suppose 1 + 29 = -3*s. Suppose 0*v + 4 = -v. Let a = v - s. What is the units digit of a?
6
Let r(j) = 2*j - 5. Suppose n + 2 = 0, -3 = 3*u + 2*n - 20. What is the units digit of r(u)?
9
Let f(i) = i**3 - 2*i**2 + 2. Let r be f(-2). Let m be 9/7 + r/49. Suppose 7 - m = 3*g. What is the units digit of g?
2
Let v(n) = -n + 3. Let u be v(5). What is the tens digit of 134/4 - u/4?
3
Let g(s) = -3 - 16*s + 1 - 4*s. What is the units digit of g(-2)?
8
Let m(w) = 9*w - 6. Let s be m(4). Let y be (5/(-10))/((-2)/20). Suppose -2*c = -5*g - y*c + s, 0 = -4*g + 5*c + 24. What is the units digit of g?
6
Let m = 15 + -24. Let s = 14 + m. Suppose s*g - 7 = -3*h + 10, 18 = 4*h + 2*g. What is the units digit of h?
4
Let v(j) = -6 - 3 + 4*j + 3 - 2. Let w(z) = -3*z + 9. Let u(x) = 2*v(x) + 3*w(x). What is the units digit of u(8)?
3
What is the tens digit of (-62)/(-3) - (-36)/27?
2
What is the units digit of 35 + -3 - (5 + -7)?
4
Suppose -3*u + 128 + 25 = -3*f, -4*u = 5*f - 177. What is the tens digit of u?
4
Let g(q) = q**2 + q + 1. Suppose -6 = 3*m - 0. Let a be g(m). What is the units digit of 3/2*16/a?
8
Let y be 86/12 - (-7)/(-42). What is the units digit of (y + -4)/(0 + 1)?
3
Let w(d) = -d + 46. What is the units digit of w(17)?
9
Let h(c) = 2*c + 2. Let q be h(4). Let y be 25/q*8/10. Suppose -l - y = -4. What is the units digit of l?
2
Let o(z) = z**3 + 2*z**2 - 4*z - 2. Let a be o(-3). Let r = a + 0. What is the units digit of r?
1
Suppose 2*p - 31 = -5*r, 5*r = 5 + 20. Suppose -5*x + 3*k = -136, -6*x + x + 140 = -5*k. Suppose -5 + x = p*d. What is the units digit of d?
7
Let y(j) = j**3 - 5*j**2 + 2*j - 5. Let n(q) = -q**2 - 8*q - 4. Let r be n(-3). Let t(i) = i**2 - 12*i + 16. Let a be t(r). What is the units digit of y(a)?
5
Let w = -6 + -11. Let o = w - -24. Suppose 43 = 5*j - o. What is the units digit of j?
0
Let i(a) be the first derivative of a**4/4 - a**3/3 - a**2/2 + 2*a - 2. What is the units digit of i(2)?
4
Suppose -2*o + 37 + 159 = 0. What is the units digit of o?
8
Let q be (-4)/(16/6)*-50. Let c(m) = m**2. Let u be c(3). Suppose -q = -u*a + 4*a. What is the units digit of a?
5
Suppose 3*j + 50 = 2*a + 7, 5*a = 4*j + 62. Let z = 20 + -21. Let p = z - j. What is the tens digit of p?
1
Let t be 40/(-15)*(-9)/(-2). What is the tens digit of (-50)/(-3) - 4/t?
1
Let z(c) = -7*c - 1. Let l be z(2). Let p = l - -30. What is the tens digit of p?
1
Let w = -47 + 137. Suppose -8*n = -13*n + w. Let s = -3 + n. What is the tens digit of s?
1
Suppose 4*x - 188 - 92 = 0. What is the tens digit of x?
7
Suppose -5*w + 32 = 7. Let f = 5 + -1. Suppose 0 = y + 5*q - 30, 3 = f*y - w*q - 17. What is the units digit of y?
0
Let z(v) = -v**3 - 5*v**2 + 4*v - 3. Let i(d) = d**2 + 1. Let s(x) = 6*i(x) + z(x). Let q be s(-2). Suppose 0 = 2*m + q - 19. What is the units digit of m?
6
Suppose 4*r + 3 - 43 = 0. Suppose -3*y = -i + r, -4*y - y = -5*i + 90. What is the units digit of i?
2
Suppose -4*d + 2*b - 4 = 0, 0*d = d - 5*b + 1. What is the tens digit of (-1)/2*30/d?
1
Let y = 2 + -4. Suppose 0 = -4*s - 4 + 24. Let c = s + y. What is the units digit of c?
3
Let p = -7 + 3. What is the tens digit of (-561)/(-21) + p/(-14)?
2
What is the units digit of 318/18 - 4/6?
7
Let y(m) = m**2 + 8*m - 5. Let t be y(-9). Suppose -t*n = -2*n. Suppose 3*d - 2*d = 3*x - 32, 4*d + 20 = n. What is the units digit of x?
9
Suppose -5*g - 4*x + 212 = 0, g + 2*x = -g + 86. What is the tens digit of g?
4
Suppose -2*o = 4*b + 12, -b - 5 = -3*o + 12. Let n = b - -7. Suppose -3*m = -m + 10, n*p + 5*m + 17 = 0. What is the units digit of p?
4
Suppose -5*d + 45 = 4*l + 13, d - 7 = -l. Suppose -l*k + k = -14. What is the units digit of k?
7
Suppose -5*b + 260 = 3*w, 4*b - w - 208 = -3*w. What is the units digit of b?
2
Let b(j) = -4*j**3 + 3*j**3 + 0*j**3 + 4 - 6 - 7*j**2 - 4*j. Let c be b(-7). Suppose 0 = 5*k - c - 14. What is the units digit of k?
8
Let b = -7 + 0. Let m = b - -18. What is the units digit of m?
1
Let u(z) = z**3 - 11*z**2 + 6. What is the units digit of u(11)?
6
Let i = 9 - 0. Let n = i - 5. What is the units digit of n?
4
Let b(j) = j + 10. Let f be b(-6). What is the units digit of f/18 - (-158)/18?
9
Suppose -7 = 2*d - 19. Suppose d*a + 130 = 11*a. What is the tens digit of a?
2
Let a(d) be the first derivative of -2 - 1/4*d**4 - 7/2*d**2 + 4*d + 2*d**3. What is the units digit of a(4)?
8
Let j(r) = 9*r - 46. What is the units digit of j(11)?
3
Let z(j) = 20*j**2 + 27*j + 10. What is the units digit of z(-4)?
2
Let x = 1 - -10. Let d = 23 - x. What is the tens digit of d?
1
Let x(v) = 20*v**2 + 2*v + 1. Let p be x(-1). Suppose 2*r = -p - 13. What is the units digit of (r/3)/4*-6?
8
Suppose r + 199 = 2*f, f = -0*r - 4*r + 77. What is the units digit of f?
7
Let y(c) = -c - 7. Let s be y(-7). Suppose s*n + 3*n - 15 = 2*w, 4*w = 3*n - 15. Suppose -n*a = 2*l - 12, 3*a - 3*l + 9 = 6*a. What is the units digit of a?
2
Let p(i) = -i**2 + 6*i + 2. Let d be p(6). What is the tens digit of (-2)/(d - 0)*-10?
1
Let u(n) = -n**2 + 8*n. Suppose 0 = -0*y + 3*y - 2*h - 24, 5*y + 2*h - 24 = 0. What is the tens digit of u(y)?
1
What is the tens digit of 363 + 5 + 0 + 5?
7
Let g = 28 - 4. What is the units digit of g?
4
Let s(n) = n - 6. Let x be s(8). Let u(f) = -7*f + 2. Let h(q) = -6*q + 1. Let r(o) = -4*h(o) + 3*u(o). What is the units digit of r(x)?
8
Suppose 4*x - 3*x = -3. Let l be -2 - (-9)/x*1. Let w = 18 + l. What is the tens digit of w?
1
Let z(k) = -k**2 + 9*k + 5. Let u be z(9). Suppose -3*j + 46 = -s, 3*j - u*s + 8 = 58. What is the tens digit of j?
1
Suppose -2*w = -14 + 36. Let c = w - -17. What is the units digit of c?
6
Suppose 2*v = 3*k + 148, -3*v = -2*v + k - 84. Let h be ((-3)/2)/((-15)/v). Let d = h - 2. What is the units digit of d?
6
Suppose -95 = -4*n + 61. Suppose -3*u + 18 + n = 5*i, 2*i = 3*u - 57. What is the tens digit of u?
1
Suppose 3*s - c - 3*c = -1, 4*s - c - 3 = 0. Let q = s + 1. What is the units digit of q?
2
Let v(s) = -s**3 - 9*s**2 - 9*s - 3. What is the units digit of v(-8)?
5
What is the units digit of 3/(-2) - (-143)/2?
0
Let f(n) = 13*n**2 - 15*n - 14. What is the tens digit of f(-4)?
5
Suppose -2*j = 5*m - 47 - 290, 5*j = 3*m - 196. What is the tens digit of m?
6
Suppose -k = -0*k + 4*s + 12, -4*k + 4*s = 28. Let y(r) = r**2 + 6*r - 8. What is the units digit of y(k)?
8
Let j(k) = k**3 + 4*k - 6 + 2*k**2 + 5*k**2 - 3*k**2 + 8. Let d be j(-2). Suppose 19 = 7*c - d*c + 4*y, 1 = -c + 4*y. What is the units digit of c?
3
Let f = 61 + 72. What is the tens digit of f?
3
Suppose -2*h - h + 45 = 0. Suppose -13 - h = -2*w. What is the tens digit of w?
1
Suppose -4*t + 49 = 2*g + 19, g = 4*t + 39. What is the units digit of g?
3
Suppose -14*b - 56 = -15*b. What is the tens digit of b?
5
Suppose -4*b - 5*o + 25 = 0, -b - b = 3*o - 15. Suppose w = -b*w - 13. Let q = w + 20. What is the units digit of q?
7
Suppose 2*a = -a + 285. What is the units digit of a/6 - (-8)/48?
6
Let y be (3*-2)/(24/16). What is the units digit of 28/y*(-1 + 0)?
7
Suppose 0 = 5*r - 4*i - 34, -3*i - 8 = -2*r + 7. Let k be (-5)/15 + 14/r. What is the units digit of k*(9/(-2))/(-3)?
3
Let o(d) = -9*d - 5. Suppose 4*m = 3*m - 2. What is the tens digit of o(m)?
1
Let f = -7 + 7. Suppose f = 4*x - 0*x. Suppose -2*y + 41 = -z, y + 4*z = -x*y + 16. What is the units digit of y?
0
Let o(u) = u**3 + 4*u**2 - 8*u. What is the units 